n(d) + 3*y(d). List the prime factors of x(0).
2
Let p(j) = j**3 + 5*j**2 + 4*j + 4. Suppose -2*r + 4*d = 2*r + 32, -4*r - d - 12 = 0. List the prime factors of p(r).
2
Suppose 0 = 3*h + 5*b - 794, 2*h = -0*h - 5*b + 531. What are the prime factors of h?
263
Suppose 3 = -3*l, 0*c - 2*c + 133 = -5*l. What are the prime factors of c?
2
Let t(p) = -p**2 - 19*p + 13. What are the prime factors of t(-18)?
31
List the prime factors of 520/32 + 3/(-12).
2
Let y = 44 - 40. List the prime factors of y.
2
Let c = -178 + 257. List the prime factors of c.
79
Suppose -j - 3*j + 5*n + 217 = 0, 0 = -j + 2*n + 55. List the prime factors of j.
53
Let q = 19 - 7. List the prime factors of q.
2, 3
What are the prime factors of (-1)/2 + 30/4?
7
Let x(p) = -p**2 - 9*p - 1. List the prime factors of x(-5).
19
Suppose -4*v - 4*s + 8 = 0, -5*v + 4*s = -0*s - 1. What are the prime factors of (4 - 2) + v + 10?
13
Let k = 14 + 44. What are the prime factors of k?
2, 29
Let w(n) = 2*n**2 + 3*n + 1. Let l be (0/(-3) + -2)/1. Let y be w(l). Suppose 0 = -y*g + 6. List the prime factors of g.
2
Let y(t) = -t**3 + 2*t**2 + t + 1. Let r be y(2). Suppose r*k = 5*k - 22. What are the prime factors of k?
11
Let l = 8 - 5. List the prime factors of 2/(-2) + 31 - l.
3
Suppose 5 = -3*d - 4*c, 2*c + 7 = -0*d + 3*d. Let p = 7 - d. List the prime factors of p.
2, 3
Suppose 0 = 10*n - 6*n - 16. List the prime factors of -2*n/(16/(-18)).
3
Let h be (6 + 0)/(9/6). Let u(d) = 0*d - 7*d**2 - 5*d**3 + 6 + h*d**3 - 6*d. What are the prime factors of u(-6)?
2, 3
Suppose 0 = -z + 4. List the prime factors of z.
2
Suppose 5 = 3*v - 10. Suppose 5*h - v = 3*a, -17 = -0*h - 3*h - a. List the prime factors of h.
2
Suppose -11 = 3*f - 2, -a - 5*f - 12 = 0. Suppose -1 = a*i - 16. List the prime factors of i.
5
Let w = 138 + 2. List the prime factors of w.
2, 5, 7
Let i be 32 + 2 - (0 - -1). Suppose -3*n - i = -3*h + 21, 2*h - 4*n = 32. List the prime factors of h.
2, 5
Suppose -3*f = -2 - 7. Suppose 2*m + 3*m + 2*d = 24, d - 15 = -f*m. List the prime factors of m.
2, 3
Suppose 0 = f - 12 - 8. Let y = f + -14. List the prime factors of y.
2, 3
Let b = 228 - 121. List the prime factors of b.
107
Let h = 86 + -43. List the prime factors of h.
43
Let a(h) = h**3 - 4*h**2 - 6*h + 8. List the prime factors of a(6).
2, 11
Suppose 5*u + 4*n - 8*n - 397 = 0, 0 = -2*n + 4. Suppose 3*g + 2*y = 40, 0 = 3*g + 4*y + 31 - u. What are the prime factors of g?
2, 5
Let u = -13 + 93. Suppose 2*r + 38 = 2*m, -5*m + u = -r - 19. What are the prime factors of m?
2, 5
Let x be (-2*1)/((-4)/(-14)). Let p be (-1)/(-2) + x/(-2). List the prime factors of p/6*165/10.
11
Let n = 0 - 0. Let o = 10 + n. What are the prime factors of -2*(-3)/12*o?
5
Let l(x) be the second derivative of -5*x**3/6 + 3*x**2/2 - 3*x. Let r be l(5). Let j = 39 + r. What are the prime factors of j?
17
Suppose 4*i = -5*w + 49, 5*i - 5*w + 4*w = 54. Let y = -8 + i. Let a = -1 + y. List the prime factors of a.
2
Suppose v - 20 - 99 = -3*a, 2*a + 4*v = 76. List the prime factors of a.
2, 5
Suppose -39 = 4*p - 191. List the prime factors of p.
2, 19
Let q be ((-9)/(-2))/3*-10. Let u(i) = -2*i + 7. Let r be u(22). Let j = q - r. What are the prime factors of j?
2, 11
Suppose -3*c + 18 = -2*c. List the prime factors of c.
2, 3
Let y be 12/9*3/(-2). Let z = -2 - -2. Let s = z - y. What are the prime factors of s?
2
Let t = 29 + -22. List the prime factors of t.
7
Let o = -5 - -10. Suppose 12 = g + o. What are the prime factors of g?
7
What are the prime factors of 172*3/((-60)/(-25))?
5, 43
Let j(p) = p**2 - p + 3. Let l be j(-5). Let o = 9 + -5. Suppose b + l = o*b. What are the prime factors of b?
11
Let s = -45 + 63. Let q be s - 3/(9/(-6)). Suppose -3*h + q = -z - 12, -2*h = 2*z - 16. List the prime factors of h.
2, 5
Suppose -867 = -85*n + 82*n. What are the prime factors of n?
17
Suppose -u - 3*u + 193 = v, -3*u + 2*v = -131. What are the prime factors of u?
47
Let y(a) = -a**3 + 5*a**2 + 8*a - 6. Let f be y(6). What are the prime factors of f/(-10) + 265/25?
2, 5
Let i(z) = 29*z - 2. List the prime factors of i(4).
2, 3, 19
Let a(s) = -2*s + 10 + 8 - 15 + s**3. List the prime factors of a(3).
2, 3
Suppose 0 = -2*g - 3*g + 90. Suppose 1 = m - g. List the prime factors of m.
19
Let w(r) = -6*r + 6. Suppose 0 = y - 3*y - 3*p - 1, -2*p + 10 = -4*y. What are the prime factors of w(y)?
2, 3
Suppose -2*l + 3*q = -l - 48, -3*l + 169 = -4*q. What are the prime factors of l?
3, 7
Suppose 4*p - 32 + 12 = 0. Suppose -p*q = 3*a - 32 - 16, -a = -5*q - 16. What are the prime factors of a?
2
Let c be (-35)/11 + (-12)/(-66). Let s be -8 - ((-6)/c + -2). Let k(l) = -l**2 - 10*l - 2. What are the prime factors of k(s)?
2, 7
Let l = -11 - -69. What are the prime factors of l?
2, 29
Suppose 2*l + l - 4*r = 50, -4*r - 68 = -4*l. List the prime factors of l.
2, 3
Let b be (2/3)/(8/(-12)). Let a be 2 - 4 - b*4. Suppose -12 = -o + a. What are the prime factors of o?
2, 7
Suppose 0 = -3*p + 7*p - 96. List the prime factors of p.
2, 3
Let r(l) = 2*l**2 + 2*l - 1. Let t be r(-3). Suppose -5*s - 46 - t = -4*u, -2*u = -s - 33. Suppose 5*k = 12 + u. What are the prime factors of k?
2, 3
Let a(m) = m**2 - 2*m + 1. Let p be a(3). Let v(o) = 11*o + 3. Let y be v(p). Suppose 5*i - 2*j = 76, 4*i + j + 2*j - y = 0. List the prime factors of i.
2, 7
Suppose q - 2*f - 19 = 0, -f + 13 + 15 = q. List the prime factors of q.
5
Suppose 0*a + 3 = -a. Let n be (-5 - a)/2*6. List the prime factors of 6/(-1)*4/n.
2
Let i(v) be the second derivative of v**5/60 - v**4/24 + v**3 - v**2/2 + v. Let o(s) be the first derivative of i(s). List the prime factors of o(0).
2, 3
Let y be (0/(-2))/(-3 + 2). Suppose b - 3*d - 13 = y, -3*b = d - 4*d - 39. List the prime factors of b.
13
Suppose -5*p + p + 16 = 0. Suppose -p*w + 79 = 23. Let z = 21 - w. What are the prime factors of z?
7
Suppose 0 = -0*t + 5*t. Suppose -28 = -2*v + 4*o, -5*v + 5*o - 3*o + 62 = t. What are the prime factors of v?
2, 3
Let g = -6 - -10. Suppose 6 = 5*y - g. Suppose c = 5 + y. List the prime factors of c.
7
Let w(c) be the first derivative of 2*c**3/3 - 3*c**2 - 3*c + 2. Let o = 35 + -30. List the prime factors of w(o).
17
Suppose 4*g = -83 - 17. Let m = g - -43. What are the prime factors of m?
2, 3
Suppose -3*z + l = -273, 0*z - 466 = -5*z - 2*l. What are the prime factors of z?
2, 23
Suppose 2*m - 3*m = -2. List the prime factors of (m - 1)*-2*-2.
2
Let q be ((-4)/(-3))/(3/9). Suppose q*n + 10 = 22. Suppose -w = -4*b - 6, 0 = -n*b - 2*b + 5. What are the prime factors of w?
2, 5
Suppose -4*n = -231 - 429. What are the prime factors of n?
3, 5, 11
Suppose w - 32 = -2*q, -3*q - 106 = 4*w - 8*w. Let u = w - 14. Suppose 0*z = 2*z + 3*v - 13, -z = 4*v - u. What are the prime factors of z?
2
Suppose 3*m = -8 - 1, 0 = 4*i - 3*m - 253. What are the prime factors of i?
61
Let u = -7 + 20. What are the prime factors of u?
13
Let s(m) be the second derivative of m**3/6 - m**2/2 + 4*m. What are the prime factors of s(4)?
3
Suppose 4*f - 554 = y, 2*f + 5*y + 268 = 4*f. List the prime factors of f.
139
What are the prime factors of ((-2)/8 - 114/(-8))*2?
2, 7
Suppose -4 = 2*i, 2*a + i - 3 - 1 = 0. Let u = 20 + -18. Suppose 11 = a*t - u*t. List the prime factors of t.
11
Suppose -4*i = 3*w - 1277 + 513, w - 191 = -i. What are the prime factors of i?
191
Let p = 27 + 91. List the prime factors of p.
2, 59
Let p be -2 - (-66)/(-9)*-3. Let i be -22*((-2)/4)/(-1). Let x = p + i. List the prime factors of x.
3
Suppose -4*y + 111 + 385 = 4*u, -116 = -u - 3*y. List the prime factors of u.
2
List the prime factors of 107 - (-2 - (24/(-4))/3).
107
Let d(u) = u**3 + 8*u**2 - 7. What are the prime factors of d(-5)?
2, 17
Let k(b) = -b**2 - 9*b + 8. Let n be k(-9). Let o(z) = -z**3 + 8*z**2 + 7*z - 12. List the prime factors of o(n).
2, 11
Suppose -8 = -2*h, 2*h + 0*h = 2*m + 18. Let w = m - -2. List the prime factors of (-2)/(-3) - 25/w.
3
Let s(n) = 26*n**2 + n + 2. What are the prime factors of s(2)?
2, 3
Let s = -13 - -38. Suppose 0 = 2*k + 2*k + 8, 0 = 4*n + 4*k - 20. Suppose 3*a - s + n = 0. List the prime factors of a.
2, 3
Suppose k = -3*k - 8. Let q(t) = 8*t**2 - t + 1. What are the prime factors of q(k)?
5, 7
Let x(f) be the second derivative of